16*f + 9. Let a(h) = 5*j(h) - 2*m(h). What is a(2)?
0
Let i(j) = j**3 - 12*j**2 + 22*j - 14. Suppose 0 = -326*a + 342*a - 160. Give i(a).
6
Let p(i) = -i - 1. Let x be 10/3*(-240)/(-100). What is p(x)?
-9
Let h(u) = u**3 + 4*u**2 - 26*u + 8. Let l be h(3). Let f(x) = -x**2 - 5*x + 7. What is f(l)?
-7
Let m(t) be the second derivative of -t**6/120 - t**5/15 - t**4/8 - t**3 - 4*t**2 + 19*t. Let j(n) be the first derivative of m(n). Give j(-4).
6
Suppose -47 = -7*x + 30. Let j(d) = -d + 17. What is j(x)?
6
Let j = 383 - 376. Let f(y) = -y**2 + 7*y - 6. Give f(j).
-6
Let v(s) = -s**3 - 8*s**2 + 20*s + 5. Let k be v(-10). Let q(u) be the second derivative of 0 + 1/3*u**3 - k*u + 3*u**2. Determine q(-6).
-6
Let q(j) = 2*j**2 - 3*j + 1. Suppose 0 = -2*t + 49 + 3. Suppose 4*n + 6 = t, -2*m + 20 = 2*n. Suppose 0*v = -m*v + 15. Determine q(v).
10
Let l(a) be the second derivative of a**3/6 - 6*a**2 - 9*a. Let s be l(10). Let x(f) = f**2 + f + 2. What is x(s)?
4
Let p(j) be the second derivative of 2*j**3/3 - 5*j**2/2 + 16*j + 2. What is p(-9)?
-41
Let z(b) = b**3 + 10*b**2 - 11*b + 13. Let h be -2 + 4 - (2/(-1) - -15). What is z(h)?
13
Let k(t) = -6*t**2 - 3. Let d be 6 + -4 - 1/(-2)*-14. Let u(m) = -7*m**2 + m - 3. Let y(p) = d*u(p) + 6*k(p). Determine y(-4).
1
Let p(s) be the third derivative of -s**5/20 - s**4/12 + s**3/6 - 35*s**2. What is p(1)?
-4
Let h(z) = -7*z**2 - 4*z + 28. Let c(y) = 2*y**2 - y - 2. Let j(u) = 4*c(u) + h(u). Determine j(6).
8
Let c(q) = q**3 - 3*q**2 + 12*q + 3. Let s(l) = -2*l**3 + 3*l**2 - 14*l - 2. Let h(r) = 3*c(r) + 2*s(r). Determine h(-5).
15
Let z(s) = s**3 - 7*s**2 - 2*s. Let a(x) = 34*x - 566. Let j be a(16). Let m be 4/(-6) + 89/3. Let d = m + j. Give z(d).
-14
Let p(d) be the second derivative of -d**7/2520 - d**6/120 - 7*d**5/120 + 3*d**4/2 + 20*d. Let i(x) be the third derivative of p(x). What is i(-6)?
-7
Suppose -5*n = k - 5, -5*n - 4 = 3*k + 1. Let r(d) = d**3 - d**2 - 2*d + 3. Let t be r(n). Let h(b) = b**3 - 4*b**2 + 2*b + 2. What is h(t)?
-1
Let r = -15 + 19. Suppose 8*z - z = 0. Let g(v) = 2*v + r - 2 + 11*v**2 + z*v - 1. Determine g(-1).
10
Let d = -57 + 55. Let u(m) = m**2 + m + 3. Let x = -7 + 12. Let h(s) = 2*s**2 + s + 7. Let c(i) = x*u(i) - 2*h(i). Determine c(d).
-1
Let h(m) = -38*m + 18*m + 4 + 22*m. Suppose 29 + 121 = -25*l. What is h(l)?
-8
Let d be 6*((-18)/(-90) - 12/10). Let o(l) = -9*l - 32*l**2 - 41*l**2 - l**3 - 8 + 66*l**2. Determine o(d).
10
Let r(p) = 4 + 5*p + 9*p**2 + 9*p**2 - 31*p**2 + 18*p**2 + p**3. What is r(-3)?
7
Let i = 285 + -284. Let m(h) = -2*h**2. What is m(i)?
-2
Let l(z) be the third derivative of z**5/60 - z**4/4 - 14*z**3/3 - 15*z**2. Let k(u) be the first derivative of l(u). What is k(5)?
4
Let r(z) = 4*z. Suppose 4*i - 4 = 36. Let p(f) = -f**2 + 9*f + 10. Let t be p(i). Let w(s) = -s**3 + s**2 + s + 2. Let o be w(t). What is r(o)?
8
Let c(n) = -3*n + 11. Let u(q) = -6*q + 11. Let h(p) = -p + 1. Let m(o) = 5*h(o) - u(o). Let g(f) = -2*c(f) - 5*m(f). Calculate g(-7).
1
Let r(m) = -42*m. Let l(n) = -20*n. Let c(w) = -5*l(w) + 2*r(w). Calculate c(2).
32
Let u(d) = d**3 - 5*d**2 + 4*d + 3. Let w(t) = -6*t**2 - 84*t - 3*t**3 + 7 + 2*t**3 + 81*t. Let m be w(-5). Let h be (1 - m) + (-5 - -5). Determine u(h).
3
Let o be 12*5/40*(1 - -1). Suppose 4*j = -4*n + 12, -j = -4*j - 5*n + 1. Let z(a) = -j - 3*a - a + 2 + o*a. Determine z(6).
-11
Let h(g) = 2*g**2 - 3*g. Let m be h(0). Let o(u) = -u**3 + u**2 - u - 2. What is o(m)?
-2
Suppose -3*y - 6 = 9. Let g(z) be the first derivative of z**4/12 + z**3/3 - 3*z**2 + 9*z + 52. Let t(s) be the first derivative of g(s). What is t(y)?
9
Let y(u) = u**2 + 13*u + 5. Let v = 184 - 195. Give y(v).
-17
Let b be 2/(-2)*1 + 2. Let p = 240 + -149. Let q(r) = p*r - 6*r**3 + 1 - 91*r. Determine q(b).
-5
Let l(w) = -w**2 + 2. Let i = -31 + -25. Let d = i - -58. Determine l(d).
-2
Let c(t) = 13*t**2 - 4*t - 1. Let n(h) be the third derivative of -h**5/60 + h**4/24 + 33*h**2. Let o(s) = c(s) + 4*n(s). What is o(1)?
8
Let o(c) = c**3 - c**2 - 4*c - 1. Let x be 7/((-196)/24)*7. Let s be (x/(-8))/(2/8). Calculate o(s).
5
Let q(p) = 3*p**2 - p + 12. Let l(k) be the first derivative of k**3/3 + 4*k - 1. Suppose 13 = -3*y + 4. Let m(b) = y*q(b) + 8*l(b). Give m(3).
-4
Let k(g) be the first derivative of -g**3/3 - g + 610. What is k(-2)?
-5
Let w(v) = -53*v + 3. Let f(p) = -18*p + 1. Let j(h) = -11*f(h) + 4*w(h). Let z(u) = -2*u**2 - u + 1. Let o be z(0). Calculate j(o).
-13
Let o(p) be the third derivative of p**5/60 + 7*p**4/24 - p**3/3 + 3*p**2. Let l(z) = z**2 + 6*z - 1. Let h(v) = -5*l(v) + 4*o(v). Determine h(-5).
-18
Let g(p) = p**3 - 4*p**2 + 14. Let f(n) = 4*n**3 - 15*n**2 + 2*n + 56. Let s(z) = 2*f(z) - 9*g(z). Calculate s(6).
10
Suppose 3*d + 8 = 2*m + d, -3*m - 2*d = 3. Let s(o) = o + 4 - 1 - m. Let i = 11629 - 11625. What is s(i)?
6
Let j(y) = -4*y - 2. Let x(q) = q + 11. Let s be x(-7). Suppose -v - 6 = 3*i + 4*v, -2*i + 2*v = s. Calculate j(i).
6
Suppose -q = -4*q. Suppose 5*t + 15 = -q*t. Let w(l) = -l**3 + l**2 + 1. Let u(x) = -7*x**3 + 5*x**2 + 3*x + 2. Let h(y) = -u(y) + 6*w(y). Determine h(t).
-5
Let c be (-4)/6*(0 + 1 + -4). Suppose -2*a = c*a + 8. Let u(x) = 2*x + 3. Calculate u(a).
-1
Suppose 0 + 3 = p + 5*g, g = 0. Suppose -s - 4*b = -b - p, 2 = s + 4*b. Let x(u) = -10*u**3 + s*u**2 + 7*u**3 - 5*u + 2*u**3 - 4. What is x(5)?
-4
Let g(a) = -a**2 - 6*a + 5. Let i(o) = -2*o**2 - 12*o + 10. Suppose 0 = 4*r - v + 16, 5*r = 5*v - 21 - 14. Let m(u) = r*i(u) + 5*g(u). Calculate m(-6).
-5
Let h(i) = -i**3 + 5*i**2 + 7*i - 4. Let z be -5 + 13 - (0 - -2). Let t be h(z). Let d(u) = -2 + 5 - 1 + 7*u - 6*u**t + 5*u**2. Calculate d(7).
2
Suppose -7 = -4*j + 1. Suppose -5*u - 11 = -3*r, -j = -0*r + 2*r - u. Let h be (2/r)/((-2)/(-9)). Let w(c) = -2*c + 3. Determine w(h).
9
Let f = -16 + 10. Let a(i) be the third derivative of -i**5/60 - 7*i**4/24 + i**3/3 + i**2 - 579. Determine a(f).
8
Suppose 15*t - 13*t - 17 = 3*k, 2*k = -6. Let y(b) = -b**2 + 2*b + 4. Determine y(t).
-4
Let o(l) = -l**2 - 17. Let g(r) = -2*r**2 + 2*r + 15. Let j(v) = g(v) + o(v). Let a(f) = f**3 + 7*f**2 + 6*f + 2. Let k = -15 + 9. Let m be a(k). Give j(m).
-10
Let j(z) be the first derivative of z**2/2 + 6*z - 11. Let c = 11 + -4. Give j(c).
13
Let x(y) = -18 - 3 - 155*y + 156*y. Calculate x(18).
-3
Let x = 26 - 26. Let z(k) = -13 + 12 + x*k + 0*k - 4*k. What is z(1)?
-5
Let g(y) = -2*y**2 - y - 4. Let t be (1/2)/(6/24*-1). Calculate g(t).
-10
Let j(f) be the first derivative of -f**4/4 + 7*f**3/3 + 7*f**2/2 - 54. Calculate j(8).
-8
Let c(g) be the first derivative of -g**6/360 + 7*g**4/24 + 10*g**3 - 20. Let w(x) be the third derivative of c(x). Determine w(0).
7
Let v(x) = -x + 7. Suppose 35 = -3*h + 5. Let p = 6 + h. Let m be (0 - 2)*10/p. Give v(m).
2
Let o(b) = b**3 - 2*b**2 + 3*b - 3. Let i(j) = j + 3. Let c be i(-3). Let m be (1 - 3)/((-1)/4). Suppose c = 3*w + h - 8 - 0, -m = -2*w - 2*h. What is o(w)?
3
Let g(r) = 0*r + 2*r**2 + 0*r + 4*r. Let l = 13 + -9. Suppose -d = -4*k - l - 13, k - 2 = -d. Give g(k).
6
Let i(x) = -5 + 0 - 3 - 4*x + 1. Give i(5).
-27
Let y = -81 + 86. Let q be -1 - (0 + 9/(-3)). Let f(s) = 7*s - 6*s**2 - s**3 + 1 + 8*s**2 + s**q. What is f(y)?
-14
Suppose -17*h + 19*h - 5*g = 5, -h + 3 = -3*g. Let t(d) = -d**3 - 2*d**2 + 6*d + 1. Let a be t(-4). Let p(c) = a + c**3 - 2*c - 2*c**2 + c + c**2. What is p(h)?
9
Let n(y) = y - 16. Let d = -240 + 248. What is n(d)?
-8
Let i(p) = p**2 + 5*p - 3. Let q(m) be the first derivative of -4*m**3/3 - 15*m**2/2 + 8*m + 3. Let d(o) = 7*i(o) + 2*q(o). What is d(4)?
-1
Let m(c) = c**2 - 16*c + 1. Let o(z) = -z**2 + 63*z - 473. Let s be o(9). Give m(s).
-38
Let k(x) = 3*x + 9. Let y(n) = 20*n + 65. Let d(v) = 15*k(v) - 2*y(v). Calculate d(-3).
-10
Let r(m) = -1 - 4 + 2*m**2 + 7*m**3 + 27*m - 36*m. Let z(s) = 10*s**3 + 3*s**2 - 13*s - 7. Let x(g) = -7*r(g) + 5*z(g). Let k be -4*(7/2)/(-7). Give x(k).
8
Let b(q) be the third derivative of q**4/8 + 2*q**3/3 - q**2 - 686. Suppose -2*j = -4*k + 12 - 2, -k + 5*j = 11. Determine b(k).
16
Let c(n) = n**2 + 5*n - 3. Let m = 169 + -97. Let b be (m/(-32))/(3/8). Give c(b).
3
Suppose 0 = -3*y + 5*y + 6, 2*y - 19 = -5*u. Let a(p) = -4*p**3 + p**2 + p. Let t(j) = -8*j**3 + 2*j**